m**2 - m - 6. Let o be -1 - (0 + (-3 - -2)). Suppose o = -w + 2*p - 17, 2 = -3*w + w - 4*p. What is the units digit of z(w)?
3
Let u(g) = -g**3 - 5*g**2 - 4*g + 4. Let s be u(-4). Let o be s/3*(-18)/(-12). Suppose -16 = -c - 3*n, -5*n = -c - 2*n - o. What is the units digit of c?
7
Suppose -2 = z - 3*z. What is the units digit of 1/((3/6)/z)?
2
Let o = -3 - -3. Let z be (9 - 1) + o/2. Let s = z - 3. What is the units digit of s?
5
Suppose 2*y - 46 = 30. What is the units digit of y?
8
Suppose 5*i + 3*u - 1089 = i, 0 = -2*i - u + 547. What is the units digit of i?
6
Suppose -2*x + i + 100 = 3*x, 3*i + 69 = 4*x. What is the units digit of x?
1
Suppose 5*t + 7 = 4*l + 25, -21 = -t - 5*l. What is the tens digit of 10*(2 + t/(-15))?
1
Let h(o) = -o + 24. What is the units digit of h(12)?
2
Suppose -h = -4*m + 992, -3*h = -m - 4 + 263. What is the hundreds digit of m?
2
Let c = 10 + -22. What is the tens digit of (c/(-6))/(2/12)?
1
Let u(m) = m**3 - 5*m**2 + 5*m - 2. Let v be u(4). Let z = 2 - v. Suppose -2*w - 2*o = -18, o = -z*o + 4. What is the units digit of w?
5
Let r(d) = d**2 - 12. What is the units digit of r(-6)?
4
Suppose 45*m - 42*m = 615. What is the units digit of m?
5
Let y(b) = -23*b - 1. Let u be y(-3). Let z = u + -43. What is the units digit of z?
5
Let f = -124 + 161. What is the units digit of f?
7
Let a = -50 - -168. What is the tens digit of a?
1
Let t(v) = -v**2 + 9*v + 7. Let b be t(8). Suppose 0 = 3*q + 2*q + 40. Let h = q + b. What is the units digit of h?
7
What is the hundreds digit of -2 - -129 - (-5 + 8)?
1
Let v(u) = u**2 - 4*u + 6. Let z be ((-24)/(-9) + -2)*6. What is the units digit of v(z)?
6
Let n = -14 + 42. What is the units digit of n?
8
Let g(q) = 11*q + 22. What is the tens digit of g(5)?
7
Let k = -16 + 11. Let i(p) = 8*p**2 - 3*p**2 + p**3 + 6 + 0. What is the units digit of i(k)?
6
Suppose 21 = 7*c - 49. Let t(f) = f**2 - 4*f - 8. What is the tens digit of t(c)?
5
Let r = 15 + -7. What is the units digit of r/(-8) - (-16)/2?
7
Let h = 13 + -8. Suppose z = -2*z + 3*x + 102, -x = -h*z + 158. What is the tens digit of z?
3
Suppose 3*k - 5 = 8*k - 5*y, 3 = 2*k - y. Suppose -6 + 18 = k*r. What is the units digit of r?
3
Let u(p) = 5*p**2 + 3*p**2 - 7*p**2 + 7 - 3*p. What is the units digit of u(5)?
7
What is the units digit of ((-170)/50)/((-1)/5)?
7
Let n(o) = 4*o - 1. Let f(b) be the first derivative of -b**2 - 4*b - 1. Let w be f(-3). What is the units digit of n(w)?
7
Suppose -5 - 7 = -3*j. Suppose -j = 3*o - 28. What is the units digit of o?
8
Let w(o) = o**3 - o**2 + 3*o - 3. What is the units digit of w(4)?
7
Let u = -2 + 6. What is the units digit of u?
4
Let u(n) = n**2 - 4*n - 2. Let o be 2/4 + 18/4. Let s be u(o). Let c = 1 + s. What is the units digit of c?
4
Let g = 9 - 1. Suppose k + 3*k - g = 0. Suppose 4*x - 2*v = 18, -k*x + x = -2*v. What is the units digit of x?
6
Let u(l) = 18*l - 3. Let a be u(3). Suppose 5*k = 2*k + a. What is the tens digit of k?
1
Let z = 1101 + -749. What is the units digit of z?
2
Suppose 0 = -d - 2*d - u + 221, 0 = 2*d - u - 149. What is the tens digit of d?
7
Suppose -v = -3*v + 8. Suppose -3 = -i + v*i. Let k(w) = 7*w**2 - w. What is the units digit of k(i)?
8
Suppose -2*f + 42 = 2. What is the units digit of f?
0
Let r = 23 + 34. Let i = 86 - r. What is the units digit of i?
9
What is the units digit of 12/(-3) + 0 - -73?
9
Let g(r) = r**2 + 9*r - 5. What is the units digit of g(-12)?
1
Let m = -62 - -109. What is the units digit of m?
7
Let h = 14 - 16. Let a(z) = 5*z**2 + 1. Let t be a(1). What is the units digit of h/(-3) + 26/t?
5
What is the tens digit of (-20)/8*124/(-10)?
3
Suppose -33 = -3*i + 21. What is the tens digit of i?
1
Suppose -4*v - 183 = -6*v + u, -185 = -2*v + 3*u. What is the tens digit of v?
9
Suppose -3*b + 189 = 5*f - 118, 2*f = -4*b + 120. What is the tens digit of f?
6
Let p be (-18)/(-4)*2/3. Suppose 1 - 10 = -p*j. Suppose -2*t + o + 2 = 0, j*t + 17 = 2*t + 5*o. What is the units digit of t?
3
Suppose 0 = -3*f + 4*c + 396, 3*f = -4*c + 159 + 237. What is the units digit of (-24)/f + 189/11?
7
What is the tens digit of 2264/12 - (-3)/(-9)*-1?
8
Suppose m = -4*x - 4*m + 179, -2*m - 232 = -5*x. What is the units digit of x?
6
Suppose 5*d = 2*s + 544, -4*s + 23 - 451 = -4*d. What is the units digit of d?
0
Suppose 56 = 3*x + 5*g, -6*x + 3*g + 150 = -x. What is the tens digit of x?
2
Let m(z) = -z**3 - z**2 + 2. Suppose -3*j = -o + 4, -j + 17 = 4*o + 1. Let v be m(j). Suppose -v*i = -3 - 9. What is the units digit of i?
6
What is the units digit of (1278/45)/((-3)/(15/(-2)))?
1
Let f(i) = 4*i**2 + 3*i + 7. Let v(o) = 3*o**2 + 3*o + 6. Let a(z) = 4*f(z) - 5*v(z). What is the units digit of a(-2)?
8
Let o = 182 - 115. What is the tens digit of o?
6
Let i = 142 + -98. Let w = i + -30. What is the units digit of w?
4
Let b be 5*6/(-15)*2. Let y be ((-12)/(-5))/(b/(-10)). Let g = y + 5. What is the units digit of g?
1
Let x be ((-8)/(-16))/((-2)/(-72)). Let i = -10 + x. Let r(a) = a + 4. What is the units digit of r(i)?
2
Suppose t - 3*t = -16. Suppose 2*h + k = -3*k + t, 3*k = -5*h + 41. What is the tens digit of h?
1
Suppose 9*d - 112 - 32 = 0. Let p be 2/6*-4*3. Let u = d + p. What is the units digit of u?
2
Let u(a) = -a**2 + 2*a + 2. Let l = -11 + 7. Let m be u(l). Let z = -13 - m. What is the units digit of z?
9
Let r(z) = 21*z**2 + z. Let c(h) = -h**2 + 5*h - 5. Let f be c(4). What is the units digit of r(f)?
0
Let j = 52 + -34. What is the units digit of j?
8
Suppose -175 = -5*o + 5*y, 5*o + 3*y - 122 = 37. Let x = 46 - o. What is the units digit of x?
3
Suppose 2*w = -5*z + 163, 0*z = 3*z - 2*w - 85. What is the units digit of z?
1
Suppose -5*l + 2 = -3, 5*i - 70 = 5*l. What is the units digit of i?
5
Suppose -p + 2 = 7. Let b = -1 - p. Suppose -t = -5*k + 13 - 38, -b*t + 32 = -3*k. What is the units digit of t?
5
Let o be 2/9 + 114/(-27). Let l = -4 + 52. What is the units digit of (l/30)/(o/(-10))?
4
Let x(j) = -81*j + 6. What is the hundreds digit of x(-2)?
1
Let c = 4 - 5. Let y(n) = -7*n**2 + 3*n - 4. Let x(h) = 8*h**2 - 2*h + 3. Let o(k) = 4*x(k) + 3*y(k). What is the units digit of o(c)?
0
Suppose j - 10 + 5 = -5*m, -3*m - 5*j + 25 = 0. Suppose 0 = 3*b + 3*g - 4*g + 8, m = -b - 3*g + 14. What is the units digit of (0 - b) + (-1)/(-1)?
2
Let j = 101 + -91. What is the tens digit of j?
1
Let b(k) be the third derivative of k**4/12 + 2*k**3/3 - 4*k**2. Let p be b(3). Suppose s - 31 - p = -5*q, 5*s + 3 = q. What is the units digit of q?
8
Suppose -684 = -157*d + 153*d. What is the units digit of d?
1
Let x = 12 - 2. Let a(f) = f**2 - 5*f. Let v be a(4). Let y = x + v. What is the units digit of y?
6
Suppose j + f - 1 = 0, 4*j + 0*f - 25 = 3*f. Suppose 5*l - j*l = 44. Suppose 5*i - 16 = l. What is the units digit of i?
2
Let s(w) = w**2 + 2*w - 5. Let a be s(-5). Let i = 2 + a. What is the units digit of i?
2
Let q be -5*(1 + (-66)/10). Suppose -q = -5*w - 3. Suppose -w = -p - 4*p. What is the units digit of p?
1
Let p(j) = -j**2 - 5*j + 2. Let a be p(-4). Let t be 0/((-3)/a*2). Suppose t = c - 2*c + 13. What is the units digit of c?
3
Let d = -9 - -6. What is the tens digit of 13 - (d + 3 + 3)?
1
Let k = 70 - -187. What is the units digit of k?
7
What is the units digit of (-136)/(-7) - 69/161?
9
Let p = 16 + -11. What is the units digit of ((-2)/4)/(p/(-90))?
9
Let s(q) = 2*q**2 - 10*q + 11. What is the tens digit of s(9)?
8
Let a(z) = 7*z**3 - 3*z**2 - 4*z + 4. What is the hundreds digit of a(4)?
3
Suppose -4*m + 95 = -17. What is the units digit of m?
8
Let f = 55 + 20. What is the tens digit of f?
7
Let f be 34/4 + 1/2. Let t be (-6)/((-3)/f*-3). Let s(c) = -c**3 - 6*c**2 + 7. What is the units digit of s(t)?
7
Let l = 44 - -84. What is the tens digit of l?
2
Let u = -14 + 15. What is the units digit of u/(-1) - (5 - 35)?
9
Let n be (2/1)/((-1)/(-2)). Let y = -5 + n. Let v = 4 + y. What is the units digit of v?
3
Let w = -53 - -89. What is the tens digit of w?
3
Let v be (119 - 2) + (-4 - -3). Suppose w - 5*w + v = 0. Suppose -4*t + 15 = -w. What is the units digit of t?
1
Suppose 0 = -5*h - 4*b + 101, -2*h + 26 = -0*b - 2*b. What is the tens digit of h?
1
Let k(d) = d**2 + 2. Let m be k(0). Let w = -2 - m. Let j = w + 7. What i